{"id":377,"date":"2018-04-27T09:54:47","date_gmt":"2018-04-27T07:54:47","guid":{"rendered":"http:\/\/rarathemesdemo.com\/rara-business\/?page_id=4"},"modified":"2024-01-29T11:55:11","modified_gmt":"2024-01-29T10:55:11","slug":"frankfurt-rundflug","status":"publish","type":"page","link":"https:\/\/ifly.io\/","title":{"rendered":"Rundfl\u00fcge \u00fcber Frankfurt, die Skyline &#038; das Rhein-Main-Gebiet"},"content":{"rendered":"","protected":false},"excerpt":{"rendered":"","protected":false},"author":1,"featured_media":0,"parent":0,"menu_order":0,"comment_status":"closed","ping_status":"closed","template":"","meta":{"footnotes":""},"class_list":["post-377","page","type-page","status-publish","hentry"],"yoast_head":"<!-- This site is optimized with the Yoast SEO plugin v27.4 - https:\/\/yoast.com\/product\/yoast-seo-wordpress\/ -->\n<title>Rundfl\u00fcge \u00fcber Frankfurt, die Skyline &amp; das Rhein-Main-Gebiet - IFly.io - Rundfl\u00fcge &amp; Flugerlebnisse<\/title>\n<meta name=\"description\" content=\"AIRlebe bei einem Rundflug \u00fcber Frankfurt, die Frankfurter Skyline und das Rhein-Main-Gebiet Deine Heimat aus einer neuen Perspektive!\" \/>\n<meta name=\"robots\" content=\"index, follow, max-snippet:-1, max-image-preview:large, max-video-preview:-1\" \/>\n<link rel=\"canonical\" href=\"https:\/\/ifly.io\/\" \/>\n<meta property=\"og:locale\" content=\"de_DE\" \/>\n<meta property=\"og:type\" content=\"article\" \/>\n<meta property=\"og:title\" content=\"Rundfl\u00fcge \u00fcber Frankfurt, die Skyline &amp; das Rhein-Main-Gebiet - IFly.io - Rundfl\u00fcge &amp; Flugerlebnisse\" \/>\n<meta property=\"og:description\" content=\"AIRlebe bei einem Rundflug \u00fcber Frankfurt, die Frankfurter Skyline und das Rhein-Main-Gebiet Deine Heimat aus einer neuen Perspektive!\" \/>\n<meta property=\"og:url\" content=\"https:\/\/ifly.io\/\" \/>\n<meta property=\"og:site_name\" content=\"IFly.io - Rundfl\u00fcge &amp; Flugerlebnisse\" \/>\n<meta property=\"article:modified_time\" content=\"2024-01-29T10:55:11+00:00\" \/>\n<meta name=\"twitter:card\" content=\"summary_large_image\" \/>\n<script type=\"application\/ld+json\" class=\"yoast-schema-graph\">{\"@context\":\"https:\\\/\\\/schema.org\",\"@graph\":[{\"@type\":\"WebPage\",\"@id\":\"https:\\\/\\\/ifly.io\\\/\",\"url\":\"https:\\\/\\\/ifly.io\\\/\",\"name\":\"Rundfl\u00fcge \u00fcber Frankfurt, die Skyline & das Rhein-Main-Gebiet - IFly.io - Rundfl\u00fcge &amp; Flugerlebnisse\",\"isPartOf\":{\"@id\":\"https:\\\/\\\/ifly.io\\\/#website\"},\"datePublished\":\"2018-04-27T07:54:47+00:00\",\"dateModified\":\"2024-01-29T10:55:11+00:00\",\"description\":\"AIRlebe bei einem Rundflug \u00fcber Frankfurt, die Frankfurter Skyline und das Rhein-Main-Gebiet Deine Heimat aus einer neuen Perspektive!\",\"breadcrumb\":{\"@id\":\"https:\\\/\\\/ifly.io\\\/#breadcrumb\"},\"inLanguage\":\"de\",\"potentialAction\":[{\"@type\":\"ReadAction\",\"target\":[\"https:\\\/\\\/ifly.io\\\/\"]}]},{\"@type\":\"BreadcrumbList\",\"@id\":\"https:\\\/\\\/ifly.io\\\/#breadcrumb\",\"itemListElement\":[{\"@type\":\"ListItem\",\"position\":1,\"name\":\"Startseite\",\"item\":\"https:\\\/\\\/ifly.io\\\/\"},{\"@type\":\"ListItem\",\"position\":2,\"name\":\"Rundfl\u00fcge \u00fcber Frankfurt, die Skyline &#038; das Rhein-Main-Gebiet\"}]},{\"@type\":\"WebSite\",\"@id\":\"https:\\\/\\\/ifly.io\\\/#website\",\"url\":\"https:\\\/\\\/ifly.io\\\/\",\"name\":\"IFly.io - Rundfl\u00fcge &amp; Flugerlebnisse\",\"description\":\"Rundfl\u00fcge \u00fcber Frankfurt, die Skyline &amp; das Rhein-Main-Gebiet\",\"publisher\":{\"@id\":\"https:\\\/\\\/ifly.io\\\/#organization\"},\"potentialAction\":[{\"@type\":\"SearchAction\",\"target\":{\"@type\":\"EntryPoint\",\"urlTemplate\":\"https:\\\/\\\/ifly.io\\\/?s={search_term_string}\"},\"query-input\":{\"@type\":\"PropertyValueSpecification\",\"valueRequired\":true,\"valueName\":\"search_term_string\"}}],\"inLanguage\":\"de\"},{\"@type\":\"Organization\",\"@id\":\"https:\\\/\\\/ifly.io\\\/#organization\",\"name\":\"IFly.io - Rundfl\u00fcge &amp; Flugerlebnisse\",\"url\":\"https:\\\/\\\/ifly.io\\\/\",\"logo\":{\"@type\":\"ImageObject\",\"inLanguage\":\"de\",\"@id\":\"https:\\\/\\\/ifly.io\\\/#\\\/schema\\\/logo\\\/image\\\/\",\"url\":\"https:\\\/\\\/ifly.io\\\/wp-content\\\/uploads\\\/2022\\\/02\\\/cropped-IFly.io-Rundfluege-Flugerlebnisse-1-e1644747150915.png\",\"contentUrl\":\"https:\\\/\\\/ifly.io\\\/wp-content\\\/uploads\\\/2022\\\/02\\\/cropped-IFly.io-Rundfluege-Flugerlebnisse-1-e1644747150915.png\",\"width\":125,\"height\":126,\"caption\":\"IFly.io - Rundfl\u00fcge &amp; Flugerlebnisse\"},\"image\":{\"@id\":\"https:\\\/\\\/ifly.io\\\/#\\\/schema\\\/logo\\\/image\\\/\"}}]}<\/script>\n<!-- \/ Yoast SEO plugin. -->","yoast_head_json":{"title":"Rundfl\u00fcge \u00fcber Frankfurt, die Skyline & das Rhein-Main-Gebiet - IFly.io - Rundfl\u00fcge &amp; Flugerlebnisse","description":"AIRlebe bei einem Rundflug \u00fcber Frankfurt, die Frankfurter Skyline und das Rhein-Main-Gebiet Deine Heimat aus einer neuen Perspektive!","robots":{"index":"index","follow":"follow","max-snippet":"max-snippet:-1","max-image-preview":"max-image-preview:large","max-video-preview":"max-video-preview:-1"},"canonical":"https:\/\/ifly.io\/","og_locale":"de_DE","og_type":"article","og_title":"Rundfl\u00fcge \u00fcber Frankfurt, die Skyline & das Rhein-Main-Gebiet - IFly.io - Rundfl\u00fcge &amp; Flugerlebnisse","og_description":"AIRlebe bei einem Rundflug \u00fcber Frankfurt, die Frankfurter Skyline und das Rhein-Main-Gebiet Deine Heimat aus einer neuen Perspektive!","og_url":"https:\/\/ifly.io\/","og_site_name":"IFly.io - Rundfl\u00fcge &amp; Flugerlebnisse","article_modified_time":"2024-01-29T10:55:11+00:00","twitter_card":"summary_large_image","schema":{"@context":"https:\/\/schema.org","@graph":[{"@type":"WebPage","@id":"https:\/\/ifly.io\/","url":"https:\/\/ifly.io\/","name":"Rundfl\u00fcge \u00fcber Frankfurt, die Skyline & das Rhein-Main-Gebiet - IFly.io - Rundfl\u00fcge &amp; Flugerlebnisse","isPartOf":{"@id":"https:\/\/ifly.io\/#website"},"datePublished":"2018-04-27T07:54:47+00:00","dateModified":"2024-01-29T10:55:11+00:00","description":"AIRlebe bei einem Rundflug \u00fcber Frankfurt, die Frankfurter Skyline und das Rhein-Main-Gebiet Deine Heimat aus einer neuen Perspektive!","breadcrumb":{"@id":"https:\/\/ifly.io\/#breadcrumb"},"inLanguage":"de","potentialAction":[{"@type":"ReadAction","target":["https:\/\/ifly.io\/"]}]},{"@type":"BreadcrumbList","@id":"https:\/\/ifly.io\/#breadcrumb","itemListElement":[{"@type":"ListItem","position":1,"name":"Startseite","item":"https:\/\/ifly.io\/"},{"@type":"ListItem","position":2,"name":"Rundfl\u00fcge \u00fcber Frankfurt, die Skyline &#038; das Rhein-Main-Gebiet"}]},{"@type":"WebSite","@id":"https:\/\/ifly.io\/#website","url":"https:\/\/ifly.io\/","name":"IFly.io - Rundfl\u00fcge &amp; Flugerlebnisse","description":"Rundfl\u00fcge \u00fcber Frankfurt, die Skyline &amp; das Rhein-Main-Gebiet","publisher":{"@id":"https:\/\/ifly.io\/#organization"},"potentialAction":[{"@type":"SearchAction","target":{"@type":"EntryPoint","urlTemplate":"https:\/\/ifly.io\/?s={search_term_string}"},"query-input":{"@type":"PropertyValueSpecification","valueRequired":true,"valueName":"search_term_string"}}],"inLanguage":"de"},{"@type":"Organization","@id":"https:\/\/ifly.io\/#organization","name":"IFly.io - Rundfl\u00fcge &amp; Flugerlebnisse","url":"https:\/\/ifly.io\/","logo":{"@type":"ImageObject","inLanguage":"de","@id":"https:\/\/ifly.io\/#\/schema\/logo\/image\/","url":"https:\/\/ifly.io\/wp-content\/uploads\/2022\/02\/cropped-IFly.io-Rundfluege-Flugerlebnisse-1-e1644747150915.png","contentUrl":"https:\/\/ifly.io\/wp-content\/uploads\/2022\/02\/cropped-IFly.io-Rundfluege-Flugerlebnisse-1-e1644747150915.png","width":125,"height":126,"caption":"IFly.io - Rundfl\u00fcge &amp; Flugerlebnisse"},"image":{"@id":"https:\/\/ifly.io\/#\/schema\/logo\/image\/"}}]}},"_links":{"self":[{"href":"https:\/\/ifly.io\/index.php?rest_route=\/wp\/v2\/pages\/377","targetHints":{"allow":["GET"]}}],"collection":[{"href":"https:\/\/ifly.io\/index.php?rest_route=\/wp\/v2\/pages"}],"about":[{"href":"https:\/\/ifly.io\/index.php?rest_route=\/wp\/v2\/types\/page"}],"author":[{"embeddable":true,"href":"https:\/\/ifly.io\/index.php?rest_route=\/wp\/v2\/users\/1"}],"replies":[{"embeddable":true,"href":"https:\/\/ifly.io\/index.php?rest_route=%2Fwp%2Fv2%2Fcomments&post=377"}],"version-history":[{"count":4,"href":"https:\/\/ifly.io\/index.php?rest_route=\/wp\/v2\/pages\/377\/revisions"}],"predecessor-version":[{"id":1485,"href":"https:\/\/ifly.io\/index.php?rest_route=\/wp\/v2\/pages\/377\/revisions\/1485"}],"wp:attachment":[{"href":"https:\/\/ifly.io\/index.php?rest_route=%2Fwp%2Fv2%2Fmedia&parent=377"}],"curies":[{"name":"wp","href":"https:\/\/api.w.org\/{rel}","templated":true}]}}